?
71
Calculate 47 + (12 - -18 - 11) - (-10 - -1 - 0).
75
-50 + (6 - -2 - 13) + 12 + -13 + 4
-52
What is the value of -19 - -36 - ((-16 - -115) + -2)?
-80
What is the value of 249 + -300 + 0 + 51 - (1 - (-1 + -17))?
-19
What is the value of -70 - ((14 - 5) + -17 + 6)?
-68
Evaluate 4 + -112 + 44 - 43.
-107
What is the value of ((22 - 2) + 18 - 0 - 14) + -4 + 14?
34
What is the value of (32 - 7) + -19 + 36 + -10?
32
Evaluate -66 - -120 - (48 - 15).
21
Evaluate (33 + -42 - (9 + -18 + 8)) + (-2 - 28).
-38
Calculate (0 - 1) + -20 - (-501 + 81 - -518).
-119
What is the value of 58 + -21 + (-23 - -85) + -17 + -3?
79
135 + (-130 - (-32 + -26))
63
-64 - (-160 + 195 - (44 - 6))
-61
What is (154 - (95 - -22)) + (-7 - 1) + -2?
27
Calculate 84 + (-64 - -51) + -33.
38
-17 + 0 + 770 + -722 + 11
42
Evaluate 27 + (12 - 15) + -13 - (-99 - 1).
111
What is the value of 15 + 26 - (-313 - -360)?
-6
What is the value of (1 - -26) + 647 + -649?
25
Calculate -11 - -48 - (13 - 23).
47
Evaluate (-311 - -285) + (0 - (-15 - 2)) - 32.
-41
4 + (-1 - -7) + (-11 - (-54 - -14)) + 8
47
What is (-66 + 1 - -2) + 84 + (-169 - -90)?
-58
Evaluate (56 + -213 - -70) + 18.
-69
-17 + -3 - (118 - 61)
-77
What is the value of (240 - 183) + -9 + -71?
-23
Calculate 10 + (102 - 23) + (13 - 18) + 8.
92
What is the value of (-86 - -36) + 164 + (2 + -8 - -7)?
115
Calculate 57 - (25 - -2 - (22 + 15)).
67
Calculate -826 - -824 - (-20 + -3).
21
Evaluate 3 + (-1 - (73 - (18 + -7 + -5))).
-65
61 + (-96 - (-29 + 13))
-19
What is the value of (-7 + 0 - 11) + 193 + -170?
5
What is 116 - 61 - 88 - 49?
-82
What is the value of 0 + 13 + (-14 - -10) + 0 - -16?
25
What is the value of (-2 - -13 - 16 - -7) + (5 - 36)?
-29
What is the value of 17 + (-19 - (-6 + 5)) - 2?
-3
What is the value of (8 - 0) + 5 + -39 + -16?
-42
What is the value of 2 + -34 + 2 - (6463 - 6471)?
-22
(-1217 - -1229) + (0 - -8) - -46
66
Calculate 786 + -559 - (103 + -7).
131
Evaluate -1 + 5 - (-180 - -157) - 13.
14
Evaluate (-10 - (-3 - 1)) + (-134 - 16) + 264.
108
What is the value of 0 + -36 + (5 - (-6 + -3 + 1))?
-23
What is (-85 - -149) + 22 + -29?
57
-53 + 11 + -3 + (-4 - 10)
-59
What is -12 + (-9 - (13 - 21 - -3)) + 86?
70
What is -60 - -27 - (-82 + 1)?
48
What is 9 + (-8 - -9) + (-66 - -6) + -8 + -1?
-59
-27 + (15 - (19 - (-13 + 22)))
-22
What is the value of (-3 - -18 - (0 - -17 - 11)) + 18?
27
What is (-25 - -52) + (-19 - -9) + 17?
34
What is -140 + (-59 - -230) + -64?
-33
What is the value of -128 + (52 - -144) + -23?
45
What is the value of -30 - (25 - (15 - (-46 - -30)))?
-24
Evaluate (-7 - 0) + -38 - (181 + -194).
-32
What is 26 + -5 + 4 + (1 - -3) - (-3 + 10)?
22
Calculate -77 + 14 - (11 - (-9 - -11)) - 14.
-86
Evaluate -153 + (-27 + 6 - -6 - (-22 - (6 + 1))).
-139
Calculate -31 + 2 - (-15 + 12) - (239 + -231).
-34
What is -37 + 4 + 46 - 38?
-25
Calculate -9 + (-1 + 11 - 8) + 12 + -34.
-29
(2 - 2 - -2) + 5 - (86 + -20 + -164)
105
What is the value of 33 + (-27 - 25) + 27 + (1 - -1) - -71?
81
What is the value of (31 - 16) + -3 + -110?
-98
Calculate (27 - 8) + -65 - -29.
-17
What is the value of 78 + -46 - 58 - (1 + 23)?
-50
Evaluate (1 - -3) + (1480 - 1471) + -1.
12
What is the value of (-1 - 0 - 3) + -218 + 232?
10
What is 10 + (20 + -6 - (11 - 7)) + (5 - 139)?
-114
-14 - (6 - (-3 - 0) - (-67 + 22))
-68
What is (25 - (33 - 17)) + -57?
-48
Calculate 16 - 21 - (-64 + -2 + 8 + (0 - 2)).
55
What is -8 + 11 + 5 + (22 - 3)?
27
What is the value of 0 + 1 + 1 - (5517 - 5526)?
11
What is 50 - 29 - 46 - -99?
74
What is (137 - -62) + (-78 - 47)?
74
What is the value of (-4 - -5 - (78 + 3)) + 51 + (-27 - 17)?
-73
What is 8 - -1 - (-10 + -10 + 36 + -9)?
2
What is (-2 + -1 - (-6 - -51 - 45)) + -2 + -45?
-50
14 + -3 + -3 + (18 - 9) - 9
8
Calculate (-47 - -17) + 4 - 51 - (-2 + 18).
-93
29 - (-24 + -42 + 101 - -31)
-37
What is -107 - (-231 - (-125 + 24))?
23
What is the value of (-6 - -3 - 22) + -44 + 31?
-38
What is the value of 30 + -23 + 4 - (-5 - (-11 + -4))?
1
What is the value of 29 + -26 + (-1 + 3 + -34 - -1)?
-28
What is the value of (34 - -9 - (-4 - 2)) + (167 - 156)?
60
Evaluate 3 + (5 - 9) + ((3 - 8) + 1 - -31).
26
What is the value of -17 + 39 + -5 + 7 + -15 + (4 - 45)?
-32
(3 - 0) + 12 + -12 + -40 + -13
-50
Calculate -16 + 21 + -11 + -49 + (-11 - -9) + -12.
-69
What is the value of (12 - 7) + -13 + -12 + (-34 - -17) + -45?
-82
-2 - ((-87 - -63) + 59 - (-21 + -1))
-59
Calculate 4 + (78 + -155 - -28).
-45
What is 3 - 1 - 85 - (-316 - -294)?
-61
Evaluate (37 - 90 - -41) + (1 - (-38 - (3 - 2))).
28
What is the value of 243 - 203 - (-37 + (1 - -6))?
70
-47 + 2 - (81 - 76) - -16 - 12
-46
-95 - (0 + -10 - ((46 - -20) + -71))
-90
Evaluate 32 + (-34 + 14 + 55 - -28).
95
What is -43 - (9 + (7 - 29) + -12)?
-18
What is -14 - (0 + -84 + (2 - 18 - (34 - 50)))?
70
Evaluate 46 + -35 + -64 + 1.
-52
What is -159 - (2 + -27) - (44 + -69)?
-109
What is the value of 16 + (-17 + 33 - 25) + 3 - (0 - -14)?
-4
What is ((-28 - -10) + -1 - -2) + 42?
25
What is the value of -6 + 11 + ((-16 - -16) + 8 - 20) + 133?
126
Evaluate 7 + -91 + 110 - 7.
19
Evaluate -18 + 3 + 2 + (-79 - -92) - -61.
61
6682 - 6628 - (0 - -18)
36
What is -13 + (-7 - (-20 - 113)) - (5 - -5 - 2)?
105
Calculate -101 + 41 + 17 + -41.
-84
Evaluate (5 + -10 - (67 - 6)) + 8.
-58
89 + -107 + -104 + 164
42
Evaluate (12 - (2 + 15 + -12)) + (-1 - -7 - 9).
4
115 - (-4 + (9 - -73))
37
Calculate -62 + (5 - (-5 + 1) - (-2 - -4) - 4).
-59
What is 1 - 167 - ((-978 - -476) + 490)?
-154
What is the value of 39 - (42 - (7 - (18 + -32)))?
18
What is the value of -22 + 46 + -46 + 13?
-9
What is (-35 - (15 - 81)) + -88?
-57
Calculate 0 - (16 + -6 - 21) - 24 - 2.
-15
1 + -25 - (110 - 104 - (4 + (1 - -11)))
-14
What is -21 - 4 - 10 - (-2 - 2 - (-9 - -8))?
-32
Calculate 20 + 1 + 18 + -25 + 74.
88
Calculate 30 + -11 + 6 + 6 + -97 + -15.
-81
Calculate -11 + 12 + (-1 - -2) + 23.
25
What is -34 + -84 + (-26 - (-13 + -21))?
-110
What is -10 + -6 - (7 + -20) - 10 - 24?
-37
-50 - 0 - (45 - 40) - 2
-57
Evaluate 82 + -82 + 3 + 11 + 9.
23
What is (1 - -76) + (9 - 8 - 6) - (-199 + 201)?
70
Evaluate -256 + -26 + 112 + 137.
-33
What is 11 + 9 + (-38 - -4) - 46?
-60
What is the value of 22 - (21 + -12) - (5 + (-23 - -5))?
26
What is (128 - -2) + (-1174 - -1144)?
100
What is the value of (14 - 8) + (-1 - 2 - (-49 - (-3 + 4)))?
53
Evaluate (103 - 9 - 24 - 29) + 25.
66
(1 - -40) + -316 + 287 + 58
70
What is -124 - (-313 - -98) - 179?
-88
What is -41 - ((51 - 40) + 1 + (-3 - 3))?
-47
Evaluate -2 + 1 + 1 + -2 + -2 + (-1884 - -1904).
16
Evaluate 15 + (32 - (-7 + 20) - 84).
-50
Calculate 129 + (-103 - (-59 - -39)).
46
Evaluate 1 - (-26 - -32 - 18 - 16).
29
(5 + -39 - (42 + -53)) + 7
-16
What is the value of (-8 + 1 - -13) + 0 + 1?
7
What is the value of (-15 - -10) + (-295 - -313) + (1 - 19)?
-5
Calculate -68 + 6 - (36 + 29 + -46) - 4.
-85
Calculate (1137 - 1090) + -107 + 2.
-58
Evaluate -20 + (37 - 9) - 15.
-7
-3 + -15 + 12 + 12 + (10 - -44)
60
What is 20 + -38 + (-10 - -34) + 15 + 0?
21
Calculate 58 - (-25 - (-19 - 28)).
36
What is the value of -17 + -37 + (18 - (18 - 71))?
17
What is the value of (2 - 64) + -1 + (38 - (-20 - (-21 + -33)))?
-59
What is 31 + 20 + (8 - (9 + 118))?
-68
Evaluate -3 + 3 + -33 - (0 + 22 + -21).
-34
Evaluate -182 - (-115 + -69 + 98).
-96
What is the value of -13 + (-4 - -5) + -2 + 1 + 30?
17
Calculate 3 + (0 + -34 - (165 - 160)) + 12.
-24
Calculate 172 - 158 - (-7 + (-5 - -28)).
-2
-1 - 9 - (10 + (112 - 122))
-10
Calculate -61 - (-115 + (10 - -28)).
16
What is (314 - 327) + (7 + (3 - 13) - 8)?
-24
Evaluate 57 + (11 - 46) + 29.
51
Evaluate 28 - (-23 - (-49 - -53)).
55
Evaluate (-22 - (3 + -7) - 4) + 19 - (-2 - -91).
-92
Calculate -54 + 37 - (12 - (6 + -4)).
-27
Evaluate 5 - (102 - (3 + (-6 - -31 - 14))).
-83
-2640 + 2655 + 1 + -61 + -7 + 3
-49
What is the value of -15 + 1 + -1 + 199 + -310?
-126
Calculate 6146 + -6141 - (10 - 10 - (0 + -3) - 16).
18
What is 45 - (-9 - (-18 - 1) - -9)?
26
What is -15 + (-5 + -15 - 44) - (2 - 8)?
-73
What is the value of (-45 - (35 - (-33 + 94))) + -1 + 5?
-15
Calculate -56 + 30 + 6 + -5 + -17.
-42
Evaluate -52 - (-2 - (-25 - (-39 - -16))).
-52
What is the value of -492 - -485 - (-3 - 18)?
14
36 + 4 + (4 - 6)
38
What is the value of 35 - (92 - 2) - -70?
15
What i